7 + -174655?
-174466
In base 10, what is 11036 - 7818?
3218
In base 4, what is 11 - 322003132112?
-322003132101
In base 6, what is 2350324532 - -3?
2350324535
In base 16, what is -76a + -40138?
-408a2
In base 6, what is -5 + -4042434004?
-4042434013
In base 6, what is -1 + 25543201104?
25543201103
In base 7, what is 2 + -410643550?
-410643545
In base 16, what is dd7e25 - 4?
dd7e21
In base 11, what is 721436 - -3?
721439
In base 6, what is -30351345543 - -5?
-30351345534
In base 3, what is -201200112 - 20222101?
-222122220
In base 15, what is -87680 + -d?
-8768d
In base 8, what is -6000 + 1445?
-4333
In base 2, what is 101110100010111 + -100010001110111?
1100010100000
In base 8, what is 264 - 7203050?
-7202564
In base 6, what is 3 + -12213430313?
-12213430310
In base 4, what is 13 - -33221222?
33221301
In base 14, what is 23dd + -a49?
1794
In base 8, what is 71404 - -100524?
172130
In base 10, what is -1 + -49301020?
-49301021
In base 7, what is 142241401 + 2?
142241403
In base 14, what is 5 + a5c358?
a5c35d
In base 13, what is 3 - -1a5284c?
1a52852
In base 8, what is 427536 + 54?
427612
In base 14, what is d8d7c + -21d?
d8b5d
In base 4, what is 30123 + -31120203?
-31030020
In base 8, what is 1372035 + -74?
1371741
In base 14, what is 166 + 226a59?
226bc1
In base 6, what is -125524411 + 13?
-125524354
In base 8, what is -13076 + 345?
-12531
In base 5, what is 43110003111 - -10?
43110003121
In base 10, what is -3 + 205069825?
205069822
In base 15, what is -2 + -47ad2e?
-47ad31
In base 6, what is -2253111022 + 1?
-2253111021
In base 16, what is -f9 - 1912d?
-19226
In base 8, what is -3 - -27451761?
27451756
In base 13, what is -b2 + -96ac?
-9791
In base 14, what is 253dd0a - 0?
253dd0a
In base 9, what is -74638 + 1180?
-73448
In base 5, what is 22 + 14121211?
14121233
In base 7, what is 2505544502 - -5?
2505544510
In base 3, what is 101202 - -21112221221?
21120100200
In base 6, what is 2 - -33153512343?
33153512345
In base 4, what is -2231003321120 - 2?
-2231003321122
In base 14, what is -6c7d475a - -3?
-6c7d4757
In base 8, what is -4033 - 37463?
-43516
In base 10, what is -64294057 - -3?
-64294054
In base 12, what is 34b20514 + -3?
34b20511
In base 11, what is -58631 - 98?
-58719
In base 7, what is -4416 - 212544?
-220263
In base 13, what is -1 + -c91c79?
-c91c7a
In base 6, what is -22142515 - -2?
-22142513
In base 10, what is -2920221 - 12?
-2920233
In base 12, what is 599 + -1348?
-96b
In base 10, what is 12 + 9612310?
9612322
In base 10, what is -3 + -71490837?
-71490840
In base 9, what is -4 - 354045111?
-354045115
In base 10, what is -1158081 + -3?
-1158084
In base 14, what is -11c97 - 1da?
-12093
In base 3, what is -2 + 2102011110102?
2102011110100
In base 14, what is -2 + -159d03?
-159d05
In base 8, what is 155156 + 41?
155217
In base 7, what is -36053 + -652?
-40035
In base 6, what is -12111 + -2043355?
-2055510
In base 8, what is -7 - 4624650?
-4624657
In base 4, what is 122 - 3113033012?
-3113032230
In base 11, what is 262 - -102539?
1027a0
In base 14, what is 156 - 328?
-1b2
In base 13, what is -4b3006a - -19?
-4b30051
In base 15, what is 1 - -527c9a?
527c9b
In base 15, what is 595 - -3ae?
954
In base 11, what is -30494 + 162?
-30332
In base 12, what is 101ab0 - 19?
101a93
In base 11, what is 4 - 19299477?
-19299473
In base 8, what is -50322 - 1371?
-51713
In base 2, what is -1110011 + -1011110101000000101000?
-1011110101000010011011
In base 12, what is -903913a + -4?
-9039142
In base 3, what is -1022121002122202 - 0?
-1022121002122202
In base 12, what is 570 - 5a8a1?
-5a331
In base 3, what is -1 + -102022010002001?
-102022010002002
In base 14, what is 5 + 65b787?
65b78c
In base 5, what is -323013010102 + 0?
-323013010102
In base 5, what is -3 + -4223434440?
-4223434443
In base 16, what is 39e5 + -235?
37b0
In base 12, what is -10 - 134193?
-1341a3
In base 5, what is -1 + -3043433143?
-3043433144
In base 2, what is 11001001001111011001000 + 1011001?
11001001001111100100001
In base 11, what is 5061a97 + -95?
5061a02
In base 7, what is 13 + -555361505?
-555361462
In base 3, what is 12222 + -2102021?
-2012022
In base 11, what is -9020144 + 2?
-9020142
In base 4, what is -102203212330000 - -1?
-102203212323333
In base 8, what is -5 - 525047514?
-525047521
In base 8, what is 10 - -20012206?
20012216
In base 15, what is 135 + -dea8?
-dd73
In base 4, what is -12320011300131 + 23?
-12320011300102
In base 5, what is 211040321 - 23012?
211012304
In base 9, what is -1416 + 81148?
78632
In base 3, what is 101122202 + 10121?
101210100
In base 6, what is 1 + 43431052421?
43431052422
In base 6, what is -30315330 + -32?
-30315402
In base 13, what is 17a1b4754 - 3?
17a1b4751
In base 5, what is 122212001431 + 4?
122212001440
In base 15, what is -349 - 195a7?
-19901
In base 15, what is -b174 - 54?
-b1c8
In base 8, what is -6005126 - -116?
-6005010
In base 3, what is -10000202211 - 10221?
-10000220202
In base 16, what is -5feb - -4e?
-5f9d
In base 6, what is 55440255401 - 3?
55440255354
In base 3, what is -1001 - 222102021102?
-222102022110
In base 16, what is -196 + -ae5d?
-aff3
In base 4, what is -102303 - -13010?
-23233
In base 9, what is -7768370 - 0?
-7768370
In base 8, what is -56335 + 4?
-56331
In base 10, what is 4209 + -3544?
665
In base 7, what is -5 - -2142103455?
2142103450
In base 11, what is 2457521 + -9?
2457513
In base 7, what is -52 - 20643064?
-20643146
In base 12, what is -4a67a53 + -1?
-4a67a54
In base 16, what is -17f019 - -3?
-17f016
In base 8, what is -2400 - 16737?
-21337
In base 4, what is 112033321 - 100000?
111333321
In base 9, what is -6438333 + 14?
-6438318
In base 13, what is c31054 + -2?
c31052
In base 10, what is -2084 - 7657?
-9741
In base 15, what is -c - -1b2e46?
1b2e39
In base 16, what is -31e3e2e - -2?
-31e3e2c
In base 10, what is 52 - -4081587?
4081639
In base 5, what is -10 + -213001013400?
-213001013410
In base 16, what is -30a4d2 - 1?
-30a4d3
In base 10, what is 6861 + -12092?
-5231
In base 16, what is 6 + 26196fd?
2619703
In base 13, what is -2 - -76b3a9a?
76b3a98
In base 9, what is 313348 + 17?
313366
In base 3, what is 12222012022100 - -1021?
12222012100121
In base 3, what is -12000 - -202122001201002?
202122001112002
In base 7, what is -1 - 5333012?
-5333013
In base 6, what is -10 + -31150012?
-31150022
In base 9, what is 23787513 + -2?
23787511
In base 16, what is 34d13de - -2?
34d13e0
In base 2, what is 10111110000011101 + 1001011010110?
11000111011110011
In base 7, what is -233 + 3601554?
3601321
In base 5, what is 24 + -11142140?
-11142111
In base 13, what is aca9582 + -4?
aca957b
In base 6, what is -2325312 + 2002?
-2323310
In base 4, what is 10033101230000 + 10?
10033101230010
In base 14, what is 0 - -a499a2?
a499a2
In base 10, what is -362969 + -72?
-363041
In base 7, what is -220402526 + -5?
-220402534
In base 8, what is 14120 + -3753?
10145
In base 3, what is -2102011221 - -101021111?
-2000220110
In base 16, what is -2 + 1ee76e?
1ee76c
In base 6, what is 14 + -33430015?
-33430001
In base 6, what is -21 + -2150031?
-2150052
In base 10, what is -4 + -1096484?
-1096488
In base 15, what is -1 - 11494d?
-11494e
In base 5, what is 3043003020 + 3?
3043003023
In base 6, what is 4433 + -2114555?
-2110122
In base 3, what is 20001121 + -2022212120?
-2002210222
In base 7, what is -26 + 12140656?
12140630
In base 9, what is -1787041 + 10?
-1787031
In base 11, what is -89196 + 3aa0?
-851a6
In base 11, what is 4785 + 7516?
111a0
In base 15, what is -19a59 + 31?
-19a28
In base 12, what is -25a - a637?
-a895
In base 13, what is -5050 + 67c?
-46a1
In base 12, what is -78 + -290627?
-2906a3
In base 3, what is -122220121120012221 - 1?
-122220121120012222
In base 8, what is -231210034 + 1?
-231210033
In base 16, what is -8778df - 38?
-877917
In base 11, what is -92179975 - -4?
-92179971
In base 7, what is 52002040 + 14?
52002054
In base 13, what is 783b + 2641?
a17c
In base 6, what is 42051 + -24104?
13543
In base 7, what is -133043626 + -25?
-133043654
In base 14, what is 20 + -605bbd?
-605b9d
In base 13, what is 4 - -1677b79?
1677b80
In base 8, what is 50470044 + 1?
50470045
In base 14, what is 1c795 + -2b4?
1c4c1
In base 6, what is 4325234140 + 4?
4325234144
In base 9, what is -2753 + 6314?
3451
In base 9, what is